lse
Is 3716 a multiple of 15?
False
Is 1184 a multiple of 3?
False
Does 70 divide 2030?
True
Is 8840 a multiple of 5?
True
Is 1872 a multiple of 8?
True
Does 5 divide 415?
True
Is 14 a factor of 4482?
False
Is 16 a factor of 297?
False
Is 33 a factor of 21428?
False
Does 116 divide 54130?
False
Is 12280 a multiple of 7?
False
Is 5 a factor of 4643?
False
Is 17 a factor of 15487?
True
Is 12 a factor of 160004?
False
Is 219 a multiple of 3?
True
Does 23 divide 4508?
True
Is 87 a multiple of 3?
True
Does 9 divide 696?
False
Is 3 a factor of 174?
True
Is 564 a multiple of 4?
True
Does 11 divide 397?
False
Does 66 divide 5812?
False
Is 2533 a multiple of 12?
False
Does 68 divide 400?
False
Is 1092 a multiple of 44?
False
Does 208 divide 15915?
False
Is 37 a factor of 973?
False
Does 89 divide 50343?
False
Is 29000 a multiple of 25?
True
Is 20 a factor of 92100?
True
Does 104 divide 76481?
False
Is 1872 a multiple of 72?
True
Does 5 divide 1098?
False
Is 21 a factor of 189?
True
Does 27 divide 514?
False
Is 54680 a multiple of 10?
True
Is 8890 a multiple of 35?
True
Is 18 a factor of 1980?
True
Is 49545 a multiple of 252?
False
Is 5808 a multiple of 44?
True
Is 210 a multiple of 10?
True
Does 43 divide 3999?
True
Is 85 a factor of 31660?
False
Is 24 a factor of 515?
False
Is 10550 a multiple of 50?
True
Is 17 a factor of 15385?
True
Is 22 a factor of 814?
True
Does 3 divide 128?
False
Is 59 a factor of 1829?
True
Is 8521 even?
False
Is 8429 a multiple of 47?
False
Is 38 a factor of 8577?
False
Is 1034 a multiple of 22?
True
Does 40 divide 7680?
True
Does 29 divide 899?
True
Is 2182 a multiple of 22?
False
Is 3567 a multiple of 29?
True
Is 100 a multiple of 6?
False
Is 4 a factor of 112?
True
Is 5 a factor of 6419?
False
Is 17 a factor of 1590?
False
Is 83 a factor of 2075?
True
Is 14 a factor of 126?
True
Is 1846 a multiple of 142?
True
Does 77 divide 118122?
False
Is 43 a factor of 4058?
False
Is 1462 a multiple of 39?
False
Does 79 divide 1738?
True
Does 20 divide 19352?
False
Is 69 a factor of 50922?
True
Is 40410 a multiple of 13?
False
Is 8 a factor of 7416?
True
Is 2579 a multiple of 45?
False
Is 12 a factor of 3828?
True
Is 4524 a multiple of 116?
True
Is 4124 a multiple of 13?
False
Is 26574 a multiple of 103?
True
Does 5 divide 19?
False
Is 12861 a multiple of 16?
False
Is 4268 a multiple of 22?
True
Is 90 a factor of 48780?
True
Does 93 divide 21413?
False
Is 38948 a multiple of 107?
True
Is 8250 a multiple of 55?
True
Is 5679 a multiple of 31?
False
Does 31 divide 18786?
True
Is 7 a factor of 880?
False
Does 13 divide 13312?
True
Is 12 a factor of 375?
False
Is 52597 a multiple of 97?
False
Is 6 a factor of 630?
True
Does 16 divide 1570?
False
Does 4 divide 32?
True
Is 8050 a multiple of 70?
True
Does 64 divide 47232?
True
Does 27 divide 405?
True
Is 472 a multiple of 7?
False
Is 5075 a multiple of 6?
False
Is 19 a factor of 1457?
False
Is 18 a factor of 5904?
True
Is 23 a factor of 2937?
False
Is 3 a factor of 268?
False
Does 25 divide 4854?
False
Does 224 divide 99845?
False
Does 22 divide 10229?
False
Is 7 a factor of 883?
False
Is 619 a multiple of 18?
False
Is 10 a factor of 22026?
False
Is 16480 a multiple of 53?
False
Is 360 a multiple of 24?
True
Is 101 a factor of 11817?
True
Is 6 a factor of 3014?
False
Does 237 divide 25359?
True
Is 26352 a multiple of 18?
True
Does 14 divide 7742?
True
Is 450 a multiple of 30?
True
Is 6145 a multiple of 11?
False
Does 8 divide 18408?
True
Does 23 divide 34?
False
Does 88 divide 45752?
False
Is 10 a factor of 21175?
False
Is 62 a factor of 310?
True
Does 21 divide 2202?
False
Is 22896 a multiple of 12?
True
Is 120 a factor of 27119?
False
Is 3 a factor of 310?
False
Does 17 divide 7079?
False
Is 28 a factor of 3668?
True
Does 12 divide 272?
False
Does 27 divide 826?
False
Is 1210 a multiple of 22?
True
Is 14919 a multiple of 92?
False
Is 14210 a multiple of 70?
True
Does 51 divide 1668?
False
Does 7 divide 1734?
False
Is 5991 a multiple of 11?
False
Is 1080 a multiple of 6?
True
Does 73 divide 6351?
True
Does 58 divide 53307?
False
Is 2245 a multiple of 60?
False
Is 4070 a multiple of 110?
True
Is 11 a factor of 5297?
False
Is 1027 a multiple of 4?
False
Is 301 even?
False
Is 125 a factor of 500?
True
Is 486 a multiple of 81?
True
Is 2373 a multiple of 113?
True
Is 2 a factor of 2254?
True
Is 23628 a multiple of 179?
True
Is 19 a factor of 18709?
False
Does 93 divide 3059?
False
Is 15 a factor of 35881?
False
Does 21 divide 6048?
True
Does 21 divide 2793?
True
Is 1813 a multiple of 87?
False
Does 49 divide 5598?
False
Is 6 a factor of 47?
False
Is 21 a factor of 633?
False
Does 34 divide 374?
True
Is 23874 a multiple of 46?
True
Does 95 divide 4566?
False
Is 4402 a multiple of 19?
False
Is 6 a factor of 198?
True
Is 113 a factor of 6297?
False
Is 36 a multiple of 19?
False
Is 1666 a multiple of 38?
False
Does 55 divide 720?
False
Is 32967 a multiple of 33?
True
Is 21 a factor of 67?
False
Does 25 divide 27857?
False
Is 3854 a multiple of 50?
False
Is 511 a multiple of 7?
True
Does 73 divide 7445?
False
Does 8 divide 336?
True
Is 56 a multiple of 28?
True
Is 964 a multiple of 27?
False
Is 286 a multiple of 11?
True
Is 45 a factor of 8126?
False
Is 14 a factor of 848?
False
Is 494 a multiple of 26?
True
Is 6487 a multiple of 336?
False
Is 54235 a multiple of 25?
False
Is 2154 a multiple of 18?
False
Is 107 even?
False
Is 1443 a multiple of 111?
True
Does 6 divide 383?
False
Does 14 divide 42?
True
Is 5 a factor of 2350?
True
Is 72 a factor of 1296?
True
Is 12418 a multiple of 2?
True
Does 50 divide 510?
False
Does 61 divide 10797?
True
Is 1034 a multiple of 47?
True
Is 6 a factor of 662?
False
Is 20373 a multiple of 19?
False
Does 68 divide 20604?
True
Is 121 a factor of 3993?
True
Is 507 a multiple of 39?
True
Is 36484 a multiple of 146?
False
Does 20 divide 120?
True
Does 3 divide 320?
False
Is 2451 a multiple of 43?
True
Does 9 divide 12204?
True
Is 11 a factor of 17732?
True
Is 4 a factor of 699?
False
Is 9 a factor of 2691?
True
Is 5589 a multiple of 27?
True
Is 606 a multiple of 29?
False
Is 18734 a multiple of 29?
True
Is 7 a factor of 33?
False
Does 9 divide 24758?
False
Is 39 a factor of 6240?
True
Is 3 a factor of 4248?
True
Is 23322 a multiple of 64?
False
Is 12 a factor of 260?
False
Is 9 a factor of 15741?
True
Is 17 a factor of 19801?
False
Does 51 divide 1275?
True
Is 14580 a multiple of 60?
True
Is 833 a multiple of 22?
False
Does 13 divide 479?
False
Is 4206 a multiple of 64?
False
Is 3 a factor of 126?
True
Does 4 divide 291?
False
Is 14 a factor of 6600?
False
Is 141 a factor of 2679?
True
Does 49 divide 8281?
True
Is 3795 a multiple of 20?
False
Is 3 a factor of 105?
True
Is 73 a factor of 3937?
False
Is 3749 a multiple of 23?
True
Does 14 divide 712?
False
Does 23 divide 41262?
True
Is 42 a factor of 12848?
False
Is 159 a factor of 12682?
False
Does 24 divide 349?
False
Does 8 divide 1823?
False
Is 2028 a multiple of 39?
True
Is 151 a factor of 3775?
True
Does 67 divide 1742?
True
Is 10716 a multiple of 57?
True
Is 20 a factor of 2460?
True
Is 60762 a multiple of 19?
True
Is 21 a factor of 51435?
False
Is 501 a multiple of 8?
False
Does 7 divide 489?
False
Is 97 a factor of 194?
True
Is 38 a factor of 3379?
False
Does 39 divide 19380?
False
Does 62 divide 12211?
False
Is 4 a factor of 2517?
False
Is 4702 a multiple of 5?
False
Is 1582 a multiple of 14?
True
Is 3 a factor of 4260?
True
Does 10 divide 4470?
True
Is 3 a factor of 1024?
False
Is 128 a factor of 8448?
True
Does 204 divide 30612?
False
Is 44 a factor of 968?
True
Does 24 divide 3792?
True
Is 4 a factor of 121?
False
Is 92 a factor of 6164?
True
Is 495 a multiple of 45?
True
Does 6 divide 1719?
False
Does 45 divide 28665?
True
Is 4286 a multiple of 36?
False
Is 2432 a multiple of 76?
True
Does 20 divide 2763?
False
Is 7 a factor of 57?
False
Does 5 divide 25180?
True
Is 44 a factor of 304?
False
Is 3744 a multiple of 16?
True
Does 14 divide 126478?
False
Is 37 a factor of 9526?
False
Is 7014 a multiple of 64?
False
Is 2446 a multiple of 43?
False
Is 1695 a multiple of 15?
True
Is 3503 a multiple of 6?
False
Is 22 a factor of 12617?
False
Is 16 a factor of 1783?
False
Does 12 divide 336?
True
Does 16 divide 240?